rs of m?
2
Let w be (12/(-15))/(2/10). Let y be (699/(w + 1))/((-1)/(-3)). List the prime factors of y/(-15) - -1*4/10.
47
Suppose -191*i = -195*i + 1620. Suppose 0 = 3*o - 5*v - 875, 112 = -o + v + i. List the prime factors of o.
5, 59
Let p be 920 + 0 + (-1)/(-5)*5. Let w = 1309 - p. What are the prime factors of w?
2, 97
Let x be ((-9)/(-3))/(24/(-16)). Let i be (-34)/x - (-5 + 5 - 0). Suppose j - i = 58. List the prime factors of j.
3, 5
Let s(o) = o**3 - 9*o**2 + 39*o + 262. List the prime factors of s(19).
7, 659
Let t(b) = -221*b - 131. Suppose -15*v = -2 + 62. What are the prime factors of t(v)?
3, 251
Suppose -2*j + 1484 = -3*w, -4*j - 3*w = -j - 2256. Let d = -473 + j. Suppose 109 + d = 4*q. What are the prime factors of q?
2, 3
Let y be (3/(-5))/((-4)/20). Suppose y*t = t, 4*n - 4*t - 944 = 0. Suppose 2*u = -5*f + 554, n = 5*f + u - 316. What are the prime factors of f?
2, 5, 11
Suppose -2*x - 1 = 3*j, -5*j - 5 = 10*x - 5*x. List the prime factors of 9085/23 - (-4)/x.
3, 131
Suppose 11*i = 13 + 20. Suppose 0 = -v + 2*m - 4*m + 560, -2284 = -4*v + i*m. List the prime factors of v.
2, 71
Let z(t) = 43*t + 37. Let a be z(19). Suppose -4*m + 6*m - a = 0. List the prime factors of m.
7, 61
Let n = 107 + -106. List the prime factors of -3*(3052/(-6) + n).
1523
Let a(v) = 481*v + 3159. What are the prime factors of a(50)?
7, 13, 23
Suppose 5*t + 15 = b, -3*b + 3*t = -0*b + 3. List the prime factors of (-3)/2*34394/(-87) - b.
2, 13, 23
Suppose 8 = -5*g + g. Let a(q) = -2*q - 5. Let k be a(g). List the prime factors of (332/8)/(k*1/(-2)).
83
Let c(l) = l**3 + 17*l**2 - 64*l + 11. List the prime factors of c(6).
5, 7, 13
Let q(n) = 26*n**3 + 5*n**2 - 18*n + 59. What are the prime factors of q(4)?
3, 577
Let x(c) = -c**3 + c + 1. Let n(f) = -5*f**3 + 18*f**2 + 6*f + 24. Let o(p) = n(p) - 6*x(p). What are the prime factors of o(-8)?
2, 7, 47
Let s(p) = p**3 + 5*p**2 - 5*p - 2. Let q be s(9). Let y = q + -468. Let a = y - 426. What are the prime factors of a?
193
Let j(f) = f**3 + 111*f**2 + 330*f + 964. List the prime factors of j(-106).
2, 3, 1847
Suppose 4*p + 21224 = 29856 + 32776. List the prime factors of p.
2, 647
Let n = -255 - 185. Let o = 782 + n. What are the prime factors of o?
2, 3, 19
Suppose -18649 - 9503 = -79*g + 56*g. List the prime factors of g.
2, 3, 17
Let u(z) = 62*z**2 + 116*z + 1080. What are the prime factors of u(-10)?
2, 3, 5, 17
Suppose -113*y - 16*y + 5961594 + 1066971 = 0. What are the prime factors of y?
5, 17, 641
Let c = 5036 - 2482. Suppose -2*s + s + 1277 = -z, c = 2*s - 3*z. What are the prime factors of s?
1277
Suppose -2*u = -7*f + 3*f + 808, -4*u + 414 = 2*f. Suppose 0 = f*z - 210*z + 6265. List the prime factors of z.
5, 179
Let s = -206 + 121. Let o = s - -111. List the prime factors of (29 - o) + 67 + 0.
2, 5, 7
Let f(o) = o**3 + 21*o**2 + 55*o + 12. Let l be f(-18). List the prime factors of (77 + 7)*(-51)/l.
2, 3, 7, 17
Suppose 0 = 4*m + 28, -15*n + 20*n - 86592 = m. What are the prime factors of n?
17317
Suppose -32 = -16*z - 0. Suppose -4*b - z*j = -5*j - 1712, -1285 = -3*b + 2*j. List the prime factors of b.
431
Let u be 12/(39/(-6) - -5). Let j = u - -25. Suppose -j*x + 453 = -14*x. What are the prime factors of x?
151
Let h(x) = x**3 - 4*x**2 - x + 6. Let w be h(4). Suppose 8*z - 600 = w*z. List the prime factors of z/2 - (-2 + 4).
2, 3
Suppose c - 457 + 142 = 0. Let d = 660 - c. List the prime factors of d.
3, 5, 23
Let n(w) = w**3 + 16*w**2 + w + 2. Let u be n(-16). Let y(x) = x**3 + 15*x**2 - 14*x + 4. List the prime factors of y(u).
2, 3, 11
Let s(c) = -4*c**3 + 5*c**2 - 8*c + 17. Let l be s(7). Let v = -770 - l. List the prime factors of v.
2, 3, 11
Let t(i) = i**2 - 15*i + 5. Let a be t(12). Let g = 11 + a. What are the prime factors of (-7)/(-3) + g/(-30)?
3
Suppose 104*a = -372*a + 43*a + 3629839. List the prime factors of a.
83, 101
Let p = -69 - -995. Let q = -441 + p. What are the prime factors of q?
5, 97
List the prime factors of (-1)/1 + 207/(-46)*(-15446)/3.
2, 181
Let s(f) be the second derivative of -73*f**3/2 - 44*f**2 + f + 14. List the prime factors of s(-5).
19, 53
Suppose -11*r + 6513 = -10*r - 3*c, -2*c - 13038 = -2*r. What are the prime factors of r?
2, 3, 1087
Let p = -70 + 106. Let j = p + -34. Suppose 6*r - 758 = 2*r - 5*h, 0 = j*r - 4*h - 392. List the prime factors of r.
2, 3
Suppose 98*o + 69*o - 1398656 = 39*o. What are the prime factors of o?
7, 223
List the prime factors of ((-8)/(96/42))/(2*3/(-25128)).
2, 3, 7, 349
Let l(m) = -6546*m - 11350. What are the prime factors of l(-13)?
2, 103, 179
Let t = 2506 - 916. Let g = t - 186. List the prime factors of g.
2, 3, 13
Let n(g) = -g**3 + 31*g**2 - 15*g - 128. Let s be n(26). Let i = s + -1675. List the prime factors of i.
1187
Let f = 49 - 58. Let x(l) = l**2 + 8*l - 4. Let p be x(f). Suppose -4*q + 369 = 4*n - 327, 840 = 5*q - p*n. List the prime factors of q.
3, 19
Suppose 12*s = 22524 + 62208. List the prime factors of s.
23, 307
Let y(v) = -4*v**2 - 6*v - 2. Let k be y(-2). Let s be (20/12)/((-1)/k). Let q(o) = o**2 - 3*o - 23. List the prime factors of q(s).
47
Suppose 4*a + 233 = q, 5*a - 3*q + 342 = 42. Let d = a + 60. Suppose -3*r = 5*l - 35, -3*r + d*l - 39 = -6*r. What are the prime factors of r?
3, 5
Let m = 27724 - 4008. What are the prime factors of m?
2, 7, 11
Let t(b) = -10*b + 11. Let i(k) = 51*k - 55. Suppose 0 = -17*u + 19*u - 4. Let z(m) = u*i(m) + 11*t(m). List the prime factors of z(-8).
3, 5
Suppose 5*a + 8 = 2*f, f + 2*f = -4*a + 12. Suppose f*s = 8*s - 20. Suppose -4*b = s*x - 383, b - 3*x = 76 + 41. What are the prime factors of b?
2, 3, 17
Let o = -52 + 56. Suppose -7*s + 2*s + o*t + 5593 = 0, 0 = -s - 3*t + 1130. What are the prime factors of s?
19, 59
Let n(j) = -j**2 + 8*j + 22. Let u be n(10). Suppose u*q + 0*q - 1136 = 0. Suppose 0 = -6*w - 154 + q. What are the prime factors of w?
3, 23
Let r(n) = 5*n**3 - 46*n**2 + 88*n - 91. List the prime factors of r(23).
2, 11, 1747
Suppose -i + 1484 = 3*z, i - 2*i = -2. Let r = z - 215. Suppose 3*t = 6*t - r. What are the prime factors of t?
3, 31
Let l(j) = -6*j**3 - 49*j**2 + 82*j + 45. List the prime factors of l(-16).
5, 2153
Let m(r) = -r**3 + 2*r**2 + r + 1. Let k be m(2). Let g be (k/(-6)*0/(-3))/(-1). Suppose 0*c + 115 = c + 3*w, 2*w + 10 = g. What are the prime factors of c?
2, 5, 13
Let k(w) = 3*w**3 + 68*w**2 + 13*w + 74. What are the prime factors of k(-22)?
2, 3, 7
Suppose -4*v - 12 = 0, -a - v = -814 - 107. Suppose 8*d + a = 7620. What are the prime factors of d?
3, 31
Suppose 0 = -5*m - 5*m - 19090. Let v = 3607 + m. List the prime factors of v.
2, 3, 283
Let m(g) = -165*g - 87. Let a be m(-3). Suppose 416*s - 13616 = a*s. What are the prime factors of s?
2, 23, 37
Suppose -4*b = 3*o - 16541, -4*o = -2*b + 2495 + 5759. What are the prime factors of b?
4133
Suppose 4*m - 2*m + 260 = 0. Let g = 40 - m. List the prime factors of (-2 - g)*(-2)/4.
2, 43
Let b = 143 - 127. Suppose 17*d - b = 13*d. Let v(g) = -g**3 + 9*g**2 + 2*g - 4. List the prime factors of v(d).
2, 3, 7
Suppose -4205 = -5*c + 3*h, 4*c + 0*h + h - 3347 = 0. Suppose 0 = -2*z + 2354 - c. What are the prime factors of z?
2, 379
Let q be -2 - -2*4 - 4. Suppose -5*u + q*t - 90 = 0, -2*u - u + 3*t = 45. Let f = -11 - u. List the prime factors of f.
3
Suppose 0 = -2*t - 6, -3*o + 12*t - 8*t = -765. Let l = o + 32. List the prime factors of l.
283
What are the prime factors of 75031/11 - 72/9?
3, 757
Let z = -350 - -356. What are the prime factors of (-15426)/12*(-4)/z?
857
Let a(i) = 163*i**2 - 12*i + 28. Let j = 100 - 98. What are the prime factors of a(j)?
2, 41
What are the prime factors of (-19059)/(-19) + 8 + (-8)/76?
3, 337
Suppose 5*d - 12430 = 3*p, 3*p - 2924 = -4*d + 7020. List the prime factors of d.
2, 11, 113
List the prime factors of (6/8)/(10165500/1694240 + -6).
2, 10589
Let j(c) = 31119*c - 398. List the prime factors of j(1).
31, 991
Let h = -32 - -40. Let j be 210/h + (-14)/56. Suppose -4*r + 118 = -a + j, -4*a = -5*r + 115. What are the prime factors of r?
23
Suppose 2*s - 1950 = 2*g, -g + 4125 = 5*s - 726. Let o = s + -391. List the prime factors of o.
2, 5, 29
Let v be (-2)/(-16) - (-1)/(8/(-17)). What are the prime factors of (-1 - (-10)/12)*v*777?
